{"id":932,"date":"2023-02-27T11:35:38","date_gmt":"2023-02-27T10:35:38","guid":{"rendered":"https:\/\/stz.com.hr\/webshop\/?post_type=product&#038;p=932"},"modified":"2023-04-04T18:54:18","modified_gmt":"2023-04-04T16:54:18","slug":"kuciste-za-protuprovalnu-centralu-dsc-pc5002c-h","status":"publish","type":"product","link":"https:\/\/stz.com.hr\/webshop\/proizvod\/kuciste-za-protuprovalnu-centralu-dsc-pc5002c-h\/","title":{"rendered":"KU\u0106I\u0160TE ZA PROTUPROVALNU CENTRALU DSC PC5002C H"},"content":{"rendered":"<p>Ku\u0107i\u0161te za alarmnu centralu, 213x235x76mm<\/p>\n","protected":false},"excerpt":{"rendered":"<p>Ku\u0107i\u0161te za alarmnu centralu DSC<\/p>\n","protected":false},"featured_media":0,"template":"","meta":[],"product_cat":[23,31],"product_tag":[],"class_list":["post-932","product","type-product","status-publish","hentry","product_cat-protuprovala","product_cat-pribor-protuprovala"],"_links":{"self":[{"href":"https:\/\/stz.com.hr\/webshop\/wp-json\/wp\/v2\/product\/932","targetHints":{"allow":["GET"]}}],"collection":[{"href":"https:\/\/stz.com.hr\/webshop\/wp-json\/wp\/v2\/product"}],"about":[{"href":"https:\/\/stz.com.hr\/webshop\/wp-json\/wp\/v2\/types\/product"}],"wp:attachment":[{"href":"https:\/\/stz.com.hr\/webshop\/wp-json\/wp\/v2\/media?parent=932"}],"wp:term":[{"taxonomy":"product_cat","embeddable":true,"href":"https:\/\/stz.com.hr\/webshop\/wp-json\/wp\/v2\/product_cat?post=932"},{"taxonomy":"product_tag","embeddable":true,"href":"https:\/\/stz.com.hr\/webshop\/wp-json\/wp\/v2\/product_tag?post=932"}],"curies":[{"name":"wp","href":"https:\/\/api.w.org\/{rel}","templated":true}]}}