{"id":930,"date":"2023-02-27T11:27:14","date_gmt":"2023-02-27T10:27:14","guid":{"rendered":"https:\/\/stz.com.hr\/webshop\/?post_type=product&#038;p=930"},"modified":"2024-09-02T12:21:27","modified_gmt":"2024-09-02T10:21:27","slug":"samonapajajuca-sirena-sa-bljeskalicom-bentel-neka-f","status":"publish","type":"product","link":"https:\/\/stz.com.hr\/webshop\/proizvod\/samonapajajuca-sirena-sa-bljeskalicom-bentel-neka-f\/","title":{"rendered":"SAMONAPAJAJU\u0106A SIRENA SA BLJESKALICOM BENTEL NEKA-F"},"content":{"rendered":"<p>Samonapajaju\u0107a sirena s bljeskalicom, 10-13,8VDC, 104- 106dB, IP34, antifoam za\u0161tita<\/p>\n","protected":false},"excerpt":{"rendered":"<p>Samonapajaju\u0107a sirena s bljeskalicom<\/p>\n","protected":false},"featured_media":945,"template":"","meta":[],"product_cat":[23,27],"product_tag":[],"class_list":["post-930","product","type-product","status-publish","has-post-thumbnail","hentry","product_cat-protuprovala","product_cat-sirene-i-bljeskalice"],"_links":{"self":[{"href":"https:\/\/stz.com.hr\/webshop\/wp-json\/wp\/v2\/product\/930","targetHints":{"allow":["GET"]}}],"collection":[{"href":"https:\/\/stz.com.hr\/webshop\/wp-json\/wp\/v2\/product"}],"about":[{"href":"https:\/\/stz.com.hr\/webshop\/wp-json\/wp\/v2\/types\/product"}],"wp:featuredmedia":[{"embeddable":true,"href":"https:\/\/stz.com.hr\/webshop\/wp-json\/wp\/v2\/media\/945"}],"wp:attachment":[{"href":"https:\/\/stz.com.hr\/webshop\/wp-json\/wp\/v2\/media?parent=930"}],"wp:term":[{"taxonomy":"product_cat","embeddable":true,"href":"https:\/\/stz.com.hr\/webshop\/wp-json\/wp\/v2\/product_cat?post=930"},{"taxonomy":"product_tag","embeddable":true,"href":"https:\/\/stz.com.hr\/webshop\/wp-json\/wp\/v2\/product_tag?post=930"}],"curies":[{"name":"wp","href":"https:\/\/api.w.org\/{rel}","templated":true}]}}