{"id":894,"date":"2023-02-27T09:32:54","date_gmt":"2023-02-27T08:32:54","guid":{"rendered":"https:\/\/stz.com.hr\/webshop\/?post_type=product&#038;p=894"},"modified":"2023-03-10T10:44:38","modified_gmt":"2023-03-10T09:44:38","slug":"bezicni-detektor-dsc-pg8935","status":"publish","type":"product","link":"https:\/\/stz.com.hr\/webshop\/proizvod\/bezicni-detektor-dsc-pg8935\/","title":{"rendered":"BE\u017dI\u010cNI DETEKTOR DSC PG8935"},"content":{"rendered":"<p>PowerG 868MHz be\u017ei\u010dni detektor shock\/vibration + magnet + auxiliary input NO, NC or Single End-of-Line<\/p>\n","protected":false},"excerpt":{"rendered":"<p>Be\u017ei\u010dni detektor shock\/vibration + magnet + auxiliary input<\/p>\n","protected":false},"featured_media":1387,"template":"","meta":[],"product_cat":[23,26],"product_tag":[],"class_list":["post-894","product","type-product","status-publish","has-post-thumbnail","hentry","product_cat-protuprovala","product_cat-detektori-pokreta"],"_links":{"self":[{"href":"https:\/\/stz.com.hr\/webshop\/wp-json\/wp\/v2\/product\/894","targetHints":{"allow":["GET"]}}],"collection":[{"href":"https:\/\/stz.com.hr\/webshop\/wp-json\/wp\/v2\/product"}],"about":[{"href":"https:\/\/stz.com.hr\/webshop\/wp-json\/wp\/v2\/types\/product"}],"wp:featuredmedia":[{"embeddable":true,"href":"https:\/\/stz.com.hr\/webshop\/wp-json\/wp\/v2\/media\/1387"}],"wp:attachment":[{"href":"https:\/\/stz.com.hr\/webshop\/wp-json\/wp\/v2\/media?parent=894"}],"wp:term":[{"taxonomy":"product_cat","embeddable":true,"href":"https:\/\/stz.com.hr\/webshop\/wp-json\/wp\/v2\/product_cat?post=894"},{"taxonomy":"product_tag","embeddable":true,"href":"https:\/\/stz.com.hr\/webshop\/wp-json\/wp\/v2\/product_tag?post=894"}],"curies":[{"name":"wp","href":"https:\/\/api.w.org\/{rel}","templated":true}]}}