{"id":889,"date":"2023-02-27T09:31:16","date_gmt":"2023-02-27T08:31:16","guid":{"rendered":"https:\/\/stz.com.hr\/webshop\/?post_type=product&#038;p=889"},"modified":"2026-04-17T15:14:12","modified_gmt":"2026-04-17T13:14:12","slug":"bezicni-upravljac-dsc-pg8938","status":"publish","type":"product","link":"https:\/\/stz.com.hr\/webshop\/proizvod\/bezicni-upravljac-dsc-pg8938\/","title":{"rendered":"BE\u017dI\u010cNI UPRAVLJA\u010c DSC PG8938"},"content":{"rendered":"<p>PowerG 868MHz be\u017ei\u010dni upravlja\u010d s 1 panik tipkom, water resistant<\/p>\n","protected":false},"excerpt":{"rendered":"<p>Be\u017ei\u010dni upravlja\u010d s 1 panik tipkom<\/p>\n","protected":false},"featured_media":1386,"template":"","meta":[],"product_cat":[23,31],"product_tag":[],"class_list":["post-889","product","type-product","status-publish","has-post-thumbnail","hentry","product_cat-protuprovala","product_cat-pribor-protuprovala"],"_links":{"self":[{"href":"https:\/\/stz.com.hr\/webshop\/wp-json\/wp\/v2\/product\/889","targetHints":{"allow":["GET"]}}],"collection":[{"href":"https:\/\/stz.com.hr\/webshop\/wp-json\/wp\/v2\/product"}],"about":[{"href":"https:\/\/stz.com.hr\/webshop\/wp-json\/wp\/v2\/types\/product"}],"wp:featuredmedia":[{"embeddable":true,"href":"https:\/\/stz.com.hr\/webshop\/wp-json\/wp\/v2\/media\/1386"}],"wp:attachment":[{"href":"https:\/\/stz.com.hr\/webshop\/wp-json\/wp\/v2\/media?parent=889"}],"wp:term":[{"taxonomy":"product_cat","embeddable":true,"href":"https:\/\/stz.com.hr\/webshop\/wp-json\/wp\/v2\/product_cat?post=889"},{"taxonomy":"product_tag","embeddable":true,"href":"https:\/\/stz.com.hr\/webshop\/wp-json\/wp\/v2\/product_tag?post=889"}],"curies":[{"name":"wp","href":"https:\/\/api.w.org\/{rel}","templated":true}]}}