{"id":837,"date":"2023-02-24T11:37:02","date_gmt":"2023-02-24T10:37:02","guid":{"rendered":"https:\/\/stz.com.hr\/webshop\/?post_type=product&#038;p=837"},"modified":"2026-04-17T15:24:01","modified_gmt":"2026-04-17T13:24:01","slug":"bezicni-pir-detektor-pokreta-dsc-pg8924","status":"publish","type":"product","link":"https:\/\/stz.com.hr\/webshop\/proizvod\/bezicni-pir-detektor-pokreta-dsc-pg8924\/","title":{"rendered":"BE\u017dI\u010cNI PIR DETEKTOR POKRETA DSC PG8924"},"content":{"rendered":"<p>PowerG 868MHz be\u017ei\u010dni PIR detektor pokreta 2-4-6m, zavjesa<\/p>\n","protected":false},"excerpt":{"rendered":"<p>PowerG\u00a0 be\u017ei\u010dni PIR detektor pokreta\/ zavjesa<\/p>\n","protected":false},"featured_media":851,"template":"","meta":[],"product_cat":[23,26],"product_tag":[],"class_list":["post-837","product","type-product","status-publish","has-post-thumbnail","hentry","product_cat-protuprovala","product_cat-detektori-pokreta"],"_links":{"self":[{"href":"https:\/\/stz.com.hr\/webshop\/wp-json\/wp\/v2\/product\/837","targetHints":{"allow":["GET"]}}],"collection":[{"href":"https:\/\/stz.com.hr\/webshop\/wp-json\/wp\/v2\/product"}],"about":[{"href":"https:\/\/stz.com.hr\/webshop\/wp-json\/wp\/v2\/types\/product"}],"wp:featuredmedia":[{"embeddable":true,"href":"https:\/\/stz.com.hr\/webshop\/wp-json\/wp\/v2\/media\/851"}],"wp:attachment":[{"href":"https:\/\/stz.com.hr\/webshop\/wp-json\/wp\/v2\/media?parent=837"}],"wp:term":[{"taxonomy":"product_cat","embeddable":true,"href":"https:\/\/stz.com.hr\/webshop\/wp-json\/wp\/v2\/product_cat?post=837"},{"taxonomy":"product_tag","embeddable":true,"href":"https:\/\/stz.com.hr\/webshop\/wp-json\/wp\/v2\/product_tag?post=837"}],"curies":[{"name":"wp","href":"https:\/\/api.w.org\/{rel}","templated":true}]}}