{"id":813,"date":"2023-02-24T15:34:24","date_gmt":"2023-02-24T14:34:24","guid":{"rendered":"https:\/\/stz.com.hr\/webshop\/?post_type=product&#038;p=813"},"modified":"2026-02-09T09:15:43","modified_gmt":"2026-02-09T08:15:43","slug":"protuprovalna-centrala-dsc-hs2128pcbe","status":"publish","type":"product","link":"https:\/\/stz.com.hr\/webshop\/proizvod\/protuprovalna-centrala-dsc-hs2128pcbe\/","title":{"rendered":"PROTUPROVALNA CENTRALA DSC HS2128PCBE"},"content":{"rendered":"<p>NEO HS2128 tiskana plo\u010dica,<\/p>\n<p><strong>8-128 <\/strong>\u017ei\u010dnih i be\u017ei\u010dnih zona, 4 PGM izlaza,<\/p>\n<p>do 16 tipkovnica, 8 particija<\/p>\n","protected":false},"excerpt":{"rendered":"<p>Protuprovalna centrala za 8 \u017ei\u010danih zona (pro\u0161irivo do 128) i 8 particija<\/p>\n","protected":false},"featured_media":879,"template":"","meta":[],"product_cat":[23,24],"product_tag":[],"class_list":["post-813","product","type-product","status-publish","has-post-thumbnail","hentry","product_cat-protuprovala","product_cat-alarmne-centrale"],"_links":{"self":[{"href":"https:\/\/stz.com.hr\/webshop\/wp-json\/wp\/v2\/product\/813","targetHints":{"allow":["GET"]}}],"collection":[{"href":"https:\/\/stz.com.hr\/webshop\/wp-json\/wp\/v2\/product"}],"about":[{"href":"https:\/\/stz.com.hr\/webshop\/wp-json\/wp\/v2\/types\/product"}],"wp:featuredmedia":[{"embeddable":true,"href":"https:\/\/stz.com.hr\/webshop\/wp-json\/wp\/v2\/media\/879"}],"wp:attachment":[{"href":"https:\/\/stz.com.hr\/webshop\/wp-json\/wp\/v2\/media?parent=813"}],"wp:term":[{"taxonomy":"product_cat","embeddable":true,"href":"https:\/\/stz.com.hr\/webshop\/wp-json\/wp\/v2\/product_cat?post=813"},{"taxonomy":"product_tag","embeddable":true,"href":"https:\/\/stz.com.hr\/webshop\/wp-json\/wp\/v2\/product_tag?post=813"}],"curies":[{"name":"wp","href":"https:\/\/api.w.org\/{rel}","templated":true}]}}