{"id":696,"date":"2023-02-23T08:32:33","date_gmt":"2023-02-23T07:32:33","guid":{"rendered":"https:\/\/stz.com.hr\/webshop\/?post_type=product&#038;p=696"},"modified":"2026-02-09T14:51:37","modified_gmt":"2026-02-09T13:51:37","slug":"citac-kartice-ds-pt1-we","status":"publish","type":"product","link":"https:\/\/stz.com.hr\/webshop\/proizvod\/citac-kartice-ds-pt1-we\/","title":{"rendered":"\u010cITA\u010c KARTICE HIKVISION DS-PT1-WE"},"content":{"rendered":"<p>Be\u017ei\u010dni \u010dita\u010d kartica za AxPro alarmne centrale,<\/p>\n<p>dvosmjerna 868MHz komunikacija,<\/p>\n<p>AES-128 enkripcija, prednji i stra\u017eni tamper,<\/p>\n<p>do 1200m u otvorenom prostoru, 3x AA baterije<\/p>\n","protected":false},"excerpt":{"rendered":"<p>Be\u017ei\u010dni \u010dita\u010d kartica za AxPro alarmne centrale<\/p>\n","protected":false},"featured_media":729,"template":"","meta":[],"product_cat":[23,31],"product_tag":[],"class_list":["post-696","product","type-product","status-publish","has-post-thumbnail","hentry","product_cat-protuprovala","product_cat-pribor-protuprovala"],"_links":{"self":[{"href":"https:\/\/stz.com.hr\/webshop\/wp-json\/wp\/v2\/product\/696","targetHints":{"allow":["GET"]}}],"collection":[{"href":"https:\/\/stz.com.hr\/webshop\/wp-json\/wp\/v2\/product"}],"about":[{"href":"https:\/\/stz.com.hr\/webshop\/wp-json\/wp\/v2\/types\/product"}],"wp:featuredmedia":[{"embeddable":true,"href":"https:\/\/stz.com.hr\/webshop\/wp-json\/wp\/v2\/media\/729"}],"wp:attachment":[{"href":"https:\/\/stz.com.hr\/webshop\/wp-json\/wp\/v2\/media?parent=696"}],"wp:term":[{"taxonomy":"product_cat","embeddable":true,"href":"https:\/\/stz.com.hr\/webshop\/wp-json\/wp\/v2\/product_cat?post=696"},{"taxonomy":"product_tag","embeddable":true,"href":"https:\/\/stz.com.hr\/webshop\/wp-json\/wp\/v2\/product_tag?post=696"}],"curies":[{"name":"wp","href":"https:\/\/api.w.org\/{rel}","templated":true}]}}