{"id":607,"date":"2023-02-21T11:28:38","date_gmt":"2023-02-21T10:28:38","guid":{"rendered":"https:\/\/stz.com.hr\/webshop\/?post_type=product&#038;p=607"},"modified":"2026-02-09T15:16:09","modified_gmt":"2026-02-09T14:16:09","slug":"stolni-nosac-hikvision-ds-kabh6320-t","status":"publish","type":"product","link":"https:\/\/stz.com.hr\/webshop\/proizvod\/stolni-nosac-hikvision-ds-kabh6320-t\/","title":{"rendered":"STOLNI NOSA\u010c HIKVISION DS-KABH6320-T"},"content":{"rendered":"<p>Stolni nosa\u010d za unutarnje jedinice DS-KH6320-WTE1, DS-KH6320-WTE2, DS-KH8520-WTE1,<\/p>\n<p>nehr\u0111aju\u0107i \u010delik,<\/p>\n<p>122 \u00d7 86 \u00d7 64mm<\/p>\n","protected":false},"excerpt":{"rendered":"<p>Stolni nosa\u010d za unutarnje jedinice DS-KH6320-WTE1, DS-KH6320-WTE2, DS-KH8520-WTE1.<\/p>\n","protected":false},"featured_media":1316,"template":"","meta":[],"product_cat":[48,51],"product_tag":[],"class_list":["post-607","product","type-product","status-publish","has-post-thumbnail","hentry","product_cat-parlafonija","product_cat-moduli-pribor"],"_links":{"self":[{"href":"https:\/\/stz.com.hr\/webshop\/wp-json\/wp\/v2\/product\/607","targetHints":{"allow":["GET"]}}],"collection":[{"href":"https:\/\/stz.com.hr\/webshop\/wp-json\/wp\/v2\/product"}],"about":[{"href":"https:\/\/stz.com.hr\/webshop\/wp-json\/wp\/v2\/types\/product"}],"wp:featuredmedia":[{"embeddable":true,"href":"https:\/\/stz.com.hr\/webshop\/wp-json\/wp\/v2\/media\/1316"}],"wp:attachment":[{"href":"https:\/\/stz.com.hr\/webshop\/wp-json\/wp\/v2\/media?parent=607"}],"wp:term":[{"taxonomy":"product_cat","embeddable":true,"href":"https:\/\/stz.com.hr\/webshop\/wp-json\/wp\/v2\/product_cat?post=607"},{"taxonomy":"product_tag","embeddable":true,"href":"https:\/\/stz.com.hr\/webshop\/wp-json\/wp\/v2\/product_tag?post=607"}],"curies":[{"name":"wp","href":"https:\/\/api.w.org\/{rel}","templated":true}]}}