{"id":404,"date":"2023-02-03T10:59:02","date_gmt":"2023-02-03T09:59:02","guid":{"rendered":"https:\/\/stz.com.hr\/webshop\/?post_type=product&#038;p=404"},"modified":"2025-03-06T12:33:00","modified_gmt":"2025-03-06T11:33:00","slug":"stupni-nosac-hikvision-ds-1275zj-s-sus","status":"publish","type":"product","link":"https:\/\/stz.com.hr\/webshop\/proizvod\/stupni-nosac-hikvision-ds-1275zj-s-sus\/","title":{"rendered":"STUPNI NOSA\u010c HIKVISION DS-1275ZJ-S-SUS"},"content":{"rendered":"<p>Stupni nosa\u010d,<\/p>\n<p>nehr\u0111aju\u0107i \u010delik,<\/p>\n<p>bijeli,<\/p>\n<p>131,6 x 144 \u00d7 44,3mm<\/p>\n","protected":false},"excerpt":{"rendered":"<p>Stupni adapter za monta\u017eu kamera.<\/p>\n","protected":false},"featured_media":1289,"template":"","meta":[],"product_cat":[15,19],"product_tag":[],"class_list":["post-404","product","type-product","status-publish","has-post-thumbnail","hentry","product_cat-videonadzor","product_cat-nosaci-i-podnozja"],"_links":{"self":[{"href":"https:\/\/stz.com.hr\/webshop\/wp-json\/wp\/v2\/product\/404","targetHints":{"allow":["GET"]}}],"collection":[{"href":"https:\/\/stz.com.hr\/webshop\/wp-json\/wp\/v2\/product"}],"about":[{"href":"https:\/\/stz.com.hr\/webshop\/wp-json\/wp\/v2\/types\/product"}],"wp:featuredmedia":[{"embeddable":true,"href":"https:\/\/stz.com.hr\/webshop\/wp-json\/wp\/v2\/media\/1289"}],"wp:attachment":[{"href":"https:\/\/stz.com.hr\/webshop\/wp-json\/wp\/v2\/media?parent=404"}],"wp:term":[{"taxonomy":"product_cat","embeddable":true,"href":"https:\/\/stz.com.hr\/webshop\/wp-json\/wp\/v2\/product_cat?post=404"},{"taxonomy":"product_tag","embeddable":true,"href":"https:\/\/stz.com.hr\/webshop\/wp-json\/wp\/v2\/product_tag?post=404"}],"curies":[{"name":"wp","href":"https:\/\/api.w.org\/{rel}","templated":true}]}}