{"id":1600,"date":"2023-03-27T09:29:42","date_gmt":"2023-03-27T07:29:42","guid":{"rendered":"https:\/\/stz.com.hr\/webshop\/?post_type=product&#038;p=1600"},"modified":"2024-08-30T14:56:03","modified_gmt":"2024-08-30T12:56:03","slug":"kontroler-za-erv-jantar-regis-h-3-b","status":"publish","type":"product","link":"https:\/\/stz.com.hr\/webshop\/proizvod\/kontroler-za-erv-jantar-regis-h-3-b\/","title":{"rendered":"KONTROLER ZA ERV JANTAR REGIS H-3-B"},"content":{"rendered":"<ul>\n<li>Kontroler za evidenciju radnog vremena s dodirnim ekranom 4,3&#8243; LCD ekranom za horizontalnu instalaciju, rezolucije 480&#215;270 pix<\/li>\n<li>RTC(real time clock), ugra\u0111en \u010dita\u010d RFID pribora<\/li>\n<li>Frekvencija 13,56MHz, domet za o\u010ditanje 7 cm<\/li>\n<li>Memorija(FLASH) do 30.000 korisnika i 100.000 doga\u0111aja<\/li>\n<li>RS485 i TCP\/IP komunikacija, baterija za back-up<\/li>\n<li>Napajanje 9 to 14V DC (preporuka Spider W5 ili Spider W40)<\/li>\n<li>Radna temperatura: -20 do +60\u00b0C<\/li>\n<\/ul>\n","protected":false},"excerpt":{"rendered":"<p>Kontroler za evidenciju radnog vremena s 4,3&#8243; LCD dodirnim ekranom i ugra\u0111enim \u010dita\u010dem kartica frekvencije 13,56 MHz<\/p>\n","protected":false},"featured_media":1691,"template":"","meta":[],"product_cat":[43,44],"product_tag":[],"class_list":["post-1600","product","type-product","status-publish","has-post-thumbnail","hentry","product_cat-kontrola-pristupa","product_cat-citaci"],"_links":{"self":[{"href":"https:\/\/stz.com.hr\/webshop\/wp-json\/wp\/v2\/product\/1600","targetHints":{"allow":["GET"]}}],"collection":[{"href":"https:\/\/stz.com.hr\/webshop\/wp-json\/wp\/v2\/product"}],"about":[{"href":"https:\/\/stz.com.hr\/webshop\/wp-json\/wp\/v2\/types\/product"}],"wp:featuredmedia":[{"embeddable":true,"href":"https:\/\/stz.com.hr\/webshop\/wp-json\/wp\/v2\/media\/1691"}],"wp:attachment":[{"href":"https:\/\/stz.com.hr\/webshop\/wp-json\/wp\/v2\/media?parent=1600"}],"wp:term":[{"taxonomy":"product_cat","embeddable":true,"href":"https:\/\/stz.com.hr\/webshop\/wp-json\/wp\/v2\/product_cat?post=1600"},{"taxonomy":"product_tag","embeddable":true,"href":"https:\/\/stz.com.hr\/webshop\/wp-json\/wp\/v2\/product_tag?post=1600"}],"curies":[{"name":"wp","href":"https:\/\/api.w.org\/{rel}","templated":true}]}}