{"id":1598,"date":"2023-03-27T09:28:16","date_gmt":"2023-03-27T07:28:16","guid":{"rendered":"https:\/\/stz.com.hr\/webshop\/?post_type=product&#038;p=1598"},"modified":"2024-08-30T14:57:16","modified_gmt":"2024-08-30T12:57:16","slug":"kontroler-za-erv-jantar-regis-f-1-b-sc","status":"publish","type":"product","link":"https:\/\/stz.com.hr\/webshop\/proizvod\/kontroler-za-erv-jantar-regis-f-1-b-sc\/","title":{"rendered":"KONTROLER ZA ERV JANTAR REGIS F-1-B-SC"},"content":{"rendered":"<ul>\n<li>Rezolucija ekrana\u00a0240&#215;400 piksela<\/li>\n<li>Frekvencija 125kHz<\/li>\n<li>Memorija(FLASH) do 9500 otisaka prstiju i 30.000 RFID pribora i 100.000 doga\u0111aja<\/li>\n<li>RS485 i TCP\/IP komunikacija<\/li>\n<li>Napajanje 9 to 14V DC (preporuka Spider W5 ili Spider W40)<\/li>\n<li>Radna temperatura: -20 do +60\u00b0C<\/li>\n<li>Izlaz za el.bravu (500mA)<\/li>\n<\/ul>\n","protected":false},"excerpt":{"rendered":"<p>Kontroler za evidenciju radnog vremena s 3\u201d LCD dodirnim ekranom za horizontalnu instalaciju i ugra\u0111enim \u010dita\u010dem otiska prstiju Suprema i kartica frekvencije 125 kHz<\/p>\n","protected":false},"featured_media":1688,"template":"","meta":[],"product_cat":[43,44],"product_tag":[],"class_list":["post-1598","product","type-product","status-publish","has-post-thumbnail","hentry","product_cat-kontrola-pristupa","product_cat-citaci"],"_links":{"self":[{"href":"https:\/\/stz.com.hr\/webshop\/wp-json\/wp\/v2\/product\/1598","targetHints":{"allow":["GET"]}}],"collection":[{"href":"https:\/\/stz.com.hr\/webshop\/wp-json\/wp\/v2\/product"}],"about":[{"href":"https:\/\/stz.com.hr\/webshop\/wp-json\/wp\/v2\/types\/product"}],"wp:featuredmedia":[{"embeddable":true,"href":"https:\/\/stz.com.hr\/webshop\/wp-json\/wp\/v2\/media\/1688"}],"wp:attachment":[{"href":"https:\/\/stz.com.hr\/webshop\/wp-json\/wp\/v2\/media?parent=1598"}],"wp:term":[{"taxonomy":"product_cat","embeddable":true,"href":"https:\/\/stz.com.hr\/webshop\/wp-json\/wp\/v2\/product_cat?post=1598"},{"taxonomy":"product_tag","embeddable":true,"href":"https:\/\/stz.com.hr\/webshop\/wp-json\/wp\/v2\/product_tag?post=1598"}],"curies":[{"name":"wp","href":"https:\/\/api.w.org\/{rel}","templated":true}]}}