{"id":36,"date":"2022-12-13T18:12:50","date_gmt":"2022-12-13T17:12:50","guid":{"rendered":"https:\/\/stz.com.hr\/webshop\/?page_id=36"},"modified":"2023-03-10T13:13:36","modified_gmt":"2023-03-10T12:13:36","slug":"opci-uvjeti-koristenja","status":"publish","type":"page","link":"https:\/\/stz.com.hr\/webshop\/opci-uvjeti-koristenja\/","title":{"rendered":"Op\u0107i uvjeti kori\u0161tenja"},"content":{"rendered":"<p>1. Ovim se Op\u0107im uvjetima ure\u0111uju op\u0107i uvjeti kori\u0161tenja kao usluge pru\u017eene korisniku od strane trgova\u010dkog dru\u0161tva STZ d.o.o. A.B. \u0160imi\u0107a 12, 21000 Split, OIB: 48945897803 temeljem Ugovora zaklju\u010denog izme\u0111u korisnika i trgova\u010dkog dru\u0161tva STZ d.o.o. A.B. \u0160imi\u0107a 12, 21000 Split, OIB: 48945897803.<\/p>\n<p>2. Pod pojmom korisnika podrazumijeva se svaka pravna ili fizi\u010dka osoba koja posredno ili neposredno koristi usluge STZ d.o.o. A.B. \u0160imi\u0107a 12, 21000 Split, OIB: 48945897803.<\/p>\n<p>3. Suradnjom sa STZ d.o.o. te kori\u0161tenje usluga STZ d.o.o. putem odgovaraju\u0107eg tehni\u010dkog sredstva pristupa i njihovim kori\u0161tenjem svaki korisnik se obvezuje po\u0161tivati ove Op\u0107e uvjete i pristaje da se na njega primjenjuju odredbe ovih Op\u0107ih uvjeta.<\/p>\n<p>4. Korisnik potvr\u0111uje da STZ d.o.o. ne utje\u010de na bilo koji na\u010din na kreiranje, filtriranje, pribavljanje i distribuiranje sadr\u017eaja koji se koriste, te nema nadzor nad izvorom navedenih sadr\u017eaja. 5. Kori\u0161tenjem usluga korisnik prihva\u0107a, prima na znanje i upoznat je da STZ d.o.o. ne snosi i ne\u0107e snositi ikakvu odgovornost za bilo kakve sadr\u017eaje (u vidu tekstova, slika, web stranica, itd.) koji se ogla\u0161avaju na na\u0161im stranicama.<\/p>\n<p>6. Kori\u0161tenjem usluga STZ d.o.o. korisnik prihva\u0107a svoju isklju\u010divu odgovornost za sve sadr\u017eaje (u vidu tekstova, slika, web stranica, itd.) koje ogla\u0161ava kori\u0161tenjem na\u0161ih stranica.<\/p>\n<p>7. Korisnik je suglasan da \u0107e odmah, bez odlaganja, po saznanju za bilo kakve sadr\u017eaje koji bi bili protivni pozitivnim zakonskim propisima ili bi mogli zna\u010diti kr\u0161enje ugovora, obavijestiti o istome STZ d.o.o. koji su ovla\u0161teni takve sadr\u017eaje bez odlaganja ili suglasnosti ikoje ugovorne strane, eliminirati iz sustava. Ukoliko je dvojbeno da li neki sadr\u017eaj spada pod one protivne pozitivnim zakonskim propisima, ugovorne strane odnosno korisnik su suglasne da je STZ d.o.o. ovla\u0161ten sam procijeniti da li je takav sadr\u017eaj protivan pozitivnim zakonskim propisima ili ne, te ukloniti takav sadr\u017eaj, \u010dime se korisnik unaprijed odri\u010de ikakvih zahtjeva spram STZ d.o.o. koji bi bili ugovorne ili izvan ugovorne, gra\u0111anskopravne ili kaznenopravne naravi.<\/p>\n<p>8. Korisnik je suglasan da je STZ d.o.o. ovla\u0161ten po saznanju o ogla\u0161avanju bilo kakvih sadr\u017eaja koji bi i bili protivni pozitivnim zakonskim propisima do kojih je saznanja do\u0161ao na drugi na\u010din nego je predvi\u0111eno u to\u010dki 7. ovih uvjeta sam, bez ikakvog daljnjeg odobrenja ili suglasnosti ikoje strane, ukloniti predmetne sadr\u017eaje iz sustava pru\u017eanja usluga. Ukoliko je dvojbeno da li neki sadr\u017eaj spada pod one protivne pozitivnim zakonskim propisima, ugovorne strane odnosno korisnik su suglasne da je Tehnet d.o.o. ovla\u0161ten sam procijeniti da li je takav sadr\u017eaj protivan pozitivnim zakonskim propisima ili ne, te ukloniti takav sadr\u017eaj, \u010dime se korisnik unaprijed odri\u010de ikakvih zahtjeva spram STZ d.o.o. koji bi bili ugovorne ili izvan ugovorne, gra\u0111anskopravne ili kaznenopravne naravi.<\/p>\n<p>9. Korisnik ovim putem prihva\u0107a da STZ d.o.o. ne\u0107e participirati u bilo kakvoj odgovornosti koja na bilo koji na\u010din mo\u017ee nastati iz, ili je na bilo koji na\u010din vezana za kori\u0161tenje stranica i za bilo koje radnje korisnika uporabom ili zlouporabom sadr\u017eaja iste, te za bilo kakvu \u0161tetu koja mo\u017ee nastati korisniku ili bilo kojoj tre\u0107oj strani u vezi s uporabom ili zlouporabom kori\u0161tenja sadr\u017eaja iste.<\/p>\n<p>10.Cijene proizvoda iskazane su u eurima i hrvatskim kunama te ne sadr\u017ee PDV. Uvjeti pla\u0107anja, cijene i akcijske ponude vrijede isklju\u010divo u trenutku narud\u017ebe i\/ili pla\u0107anja i mogu se promijeniti bez prethodne najave. Trudimo se dati \u0161to to\u010dnije informacije. Unato\u010d tome, ne mo\u017eemo jam\u010diti da su svi navedeni podaci i slike u potpunosti to\u010dni. Za dodatne informacije kontaktirajte nas putem maila: prodaja@stz.com.hr<\/p>\n<p>Prodavatelj se obavezuje za\u0161tititi osobne podatke Kupca na na\u010din da prikuplja samo podatke koji su nu\u017eni za ispunjenje na\u0161ih obveza prema Kupcu. Podaci su dostupni samo operaterima web shopa Prodavatelja.<\/p>\n","protected":false},"excerpt":{"rendered":"<p>1. Ovim se Op\u0107im uvjetima ure\u0111uju op\u0107i uvjeti kori\u0161tenja kao usluge pru\u017eene korisniku od strane trgova\u010dkog dru\u0161tva STZ d.o.o. A.B.<\/p>\n","protected":false},"author":1,"featured_media":0,"parent":0,"menu_order":0,"comment_status":"closed","ping_status":"closed","template":"","meta":{"footnotes":""},"class_list":["post-36","page","type-page","status-publish","hentry"],"_links":{"self":[{"href":"https:\/\/stz.com.hr\/webshop\/wp-json\/wp\/v2\/pages\/36","targetHints":{"allow":["GET"]}}],"collection":[{"href":"https:\/\/stz.com.hr\/webshop\/wp-json\/wp\/v2\/pages"}],"about":[{"href":"https:\/\/stz.com.hr\/webshop\/wp-json\/wp\/v2\/types\/page"}],"author":[{"embeddable":true,"href":"https:\/\/stz.com.hr\/webshop\/wp-json\/wp\/v2\/users\/1"}],"replies":[{"embeddable":true,"href":"https:\/\/stz.com.hr\/webshop\/wp-json\/wp\/v2\/comments?post=36"}],"version-history":[{"count":3,"href":"https:\/\/stz.com.hr\/webshop\/wp-json\/wp\/v2\/pages\/36\/revisions"}],"predecessor-version":[{"id":1442,"href":"https:\/\/stz.com.hr\/webshop\/wp-json\/wp\/v2\/pages\/36\/revisions\/1442"}],"wp:attachment":[{"href":"https:\/\/stz.com.hr\/webshop\/wp-json\/wp\/v2\/media?parent=36"}],"curies":[{"name":"wp","href":"https:\/\/api.w.org\/{rel}","templated":true}]}}